{"id":4768,"date":"2021-05-27T09:33:26","date_gmt":"2021-05-27T14:33:26","guid":{"rendered":"https:\/\/www.gimnasiosantorey.edu.co\/gsr\/?page_id=4768"},"modified":"2021-05-27T09:48:24","modified_gmt":"2021-05-27T14:48:24","slug":"autoevaluacion-institucional","status":"publish","type":"page","link":"https:\/\/www.gimnasiosantorey.edu.co\/gsr\/autoevaluacion-institucional\/","title":{"rendered":"AUTOEVALUACI\u00d3N INSTITUCIONAL"},"content":{"rendered":"<div class=\"wpb-content-wrapper\">[vc_row][vc_column][gt3_custom_text text_color=&#8221;#3c434b&#8221; font_size=&#8221;24&#8243; line_height=&#8221;111&#8243; use_theme_fonts=&#8221;&#8221; google_fonts_text=&#8221;font_family:Advent%20Pro%3A100%2C200%2C300%2Cregular%2C500%2C600%2C700|font_style:700%20bold%20regular%3A700%3Anormal&#8221;]\n<p style=\"text-align: center;\">INSTRUMENTOS DE AUTOEVALUACI\u00d3N INSTITUCIONAL<\/p>\n[\/gt3_custom_text][gt3_spacing height=&#8221;32px&#8221;][gt3_custom_text text_color=&#8221;#3c434b&#8221; font_size=&#8221;16&#8243;]\n<h3 class=\"western\" lang=\"en-US\" style=\"text-align: center;\"><span style=\"font-family: Calibri, serif;\"><span lang=\"es-CO\"><b>Instrumento 1: Encuesta a padres de familia o Acudientes de los estudiantes de la instituci\u00f3n educativa<\/b><\/span><\/span><\/h3>\n<h3 class=\"western\" lang=\"en-US\" style=\"text-align: center;\" align=\"justify\"><span style=\"color: #211e1e;\"><span style=\"font-family: Calibri, serif;\"><span lang=\"es-CO\">Esta encuesta est\u00e1 dirigida a los padres de familia o acudientes de los estudiantes de la instituci\u00f3n educativa, con el objeto de recoger sus opiniones sobre distintos aspectos relacionados con la calidad de la educaci\u00f3n que se brinda en ella y actualizar los planes de Mejoramiento internos.<\/span><\/span><\/span><\/h3>\n<h3 class=\"western\" lang=\"en-US\" style=\"text-align: center;\" align=\"justify\"><span style=\"color: #211e1e;\"><span style=\"font-family: Calibri, serif;\"><span lang=\"es-CO\">El cuestionario debe ser llenado directamente por un adulto responsable, luego de completar los datos informativos sobre la instituci\u00f3n educativa de su acudido que se solicitan, reenv\u00edelo. Por favor, lea atentamente cada pregunta antes de responder y coloque la opci\u00f3n que usted elija.<\/span><\/span><\/span><\/h3>\n<h3 class=\"western\" lang=\"en-US\" style=\"text-align: center;\" align=\"justify\"><span style=\"color: #211e1e;\"><span style=\"font-family: Calibri, serif;\"><span lang=\"es-CO\">Su opini\u00f3n es muy importante para nosotros, sea sincero al responder cada una de las preguntas solicitadas.<\/span><\/span><\/span><\/h3>\n[\/gt3_custom_text][gt3_spacing height=&#8221;32px&#8221;][gt3_custom_text text_color=&#8221;#3c434b&#8221; font_size=&#8221;16&#8243;]<iframe loading=\"lazy\" src=\"https:\/\/docs.google.com\/forms\/d\/e\/1FAIpQLSct1QJKvtkTjJk1MjeqE7SikfigiErwn8FIyckUm7n7fcQENQ\/viewform?embedded=true\" width=\"640\" height=\"5691\" frameborder=\"0\" marginwidth=\"0\" marginheight=\"0\">Cargando\u2026<\/iframe>[\/gt3_custom_text][\/vc_column][\/vc_row]\n<\/div>","protected":false},"excerpt":{"rendered":"<p>[vc_row][vc_column][gt3_custom_text text_color=&#8221;#3c434b&#8221; font_size=&#8221;24&#8243; line_height=&#8221;111&#8243; use_theme_fonts=&#8221;&#8221; google_fonts_text=&#8221;font_family:Advent%20Pro%3A100%2C200%2C300%2Cregular%2C500%2C600%2C700|font_style:700%20bold%20regular%3A700%3Anormal&#8221;] INSTRUMENTOS DE AUTOEVALUACI\u00d3N INSTITUCIONAL [\/gt3_custom_text][gt3_spacing height=&#8221;32px&#8221;][gt3_custom_text text_color=&#8221;#3c434b&#8221; font_size=&#8221;16&#8243;] Instrumento 1: Encuesta a padres de familia o Acudientes de los estudiantes de la instituci\u00f3n educativa [&hellip;]<\/p>\n","protected":false},"author":1,"featured_media":0,"parent":0,"menu_order":0,"comment_status":"closed","ping_status":"closed","template":"","meta":{"footnotes":""},"class_list":["post-4768","page","type-page","status-publish","hentry"],"yoast_head":"<!-- This site is optimized with the Yoast SEO plugin v24.4 - https:\/\/yoast.com\/wordpress\/plugins\/seo\/ -->\n<title>AUTOEVALUACI\u00d3N INSTITUCIONAL - Colegio Gimnasio Santo Rey<\/title>\n<meta name=\"robots\" content=\"index, follow, max-snippet:-1, max-image-preview:large, max-video-preview:-1\" \/>\n<link rel=\"canonical\" href=\"https:\/\/www.gimnasiosantorey.edu.co\/gsr\/autoevaluacion-institucional\/\" \/>\n<meta property=\"og:locale\" content=\"es_ES\" \/>\n<meta property=\"og:type\" content=\"article\" \/>\n<meta property=\"og:title\" content=\"AUTOEVALUACI\u00d3N INSTITUCIONAL - Colegio Gimnasio Santo Rey\" \/>\n<meta property=\"og:description\" content=\"[vc_row][vc_column][gt3_custom_text text_color=&#8221;#3c434b&#8221; font_size=&#8221;24&#8243; line_height=&#8221;111&#8243; use_theme_fonts=&#8221;&#8221; google_fonts_text=&#8221;font_family:Advent%20Pro%3A100%2C200%2C300%2Cregular%2C500%2C600%2C700|font_style:700%20bold%20regular%3A700%3Anormal&#8221;] INSTRUMENTOS DE AUTOEVALUACI\u00d3N INSTITUCIONAL [\/gt3_custom_text][gt3_spacing height=&#8221;32px&#8221;][gt3_custom_text text_color=&#8221;#3c434b&#8221; font_size=&#8221;16&#8243;] Instrumento 1: Encuesta a padres de familia o Acudientes de los estudiantes de la instituci\u00f3n educativa [&hellip;]\" \/>\n<meta property=\"og:url\" content=\"https:\/\/www.gimnasiosantorey.edu.co\/gsr\/autoevaluacion-institucional\/\" \/>\n<meta property=\"og:site_name\" content=\"Colegio Gimnasio Santo Rey\" \/>\n<meta property=\"article:publisher\" content=\"https:\/\/www.facebook.com\/colegiosantoreyarmenia\/?notif_id=1728497573741947&amp;notif_t=page_user_activity&amp;ref=notif\" \/>\n<meta property=\"article:modified_time\" content=\"2021-05-27T14:48:24+00:00\" \/>\n<meta name=\"twitter:card\" content=\"summary_large_image\" \/>\n<meta name=\"twitter:label1\" content=\"Tiempo de lectura\" \/>\n\t<meta name=\"twitter:data1\" content=\"1 minuto\" \/>\n<script type=\"application\/ld+json\" class=\"yoast-schema-graph\">{\"@context\":\"https:\/\/schema.org\",\"@graph\":[{\"@type\":\"WebPage\",\"@id\":\"https:\/\/www.gimnasiosantorey.edu.co\/gsr\/autoevaluacion-institucional\/\",\"url\":\"https:\/\/www.gimnasiosantorey.edu.co\/gsr\/autoevaluacion-institucional\/\",\"name\":\"AUTOEVALUACI\u00d3N INSTITUCIONAL - Colegio Gimnasio Santo Rey\",\"isPartOf\":{\"@id\":\"https:\/\/www.gimnasiosantorey.edu.co\/gsr\/#website\"},\"datePublished\":\"2021-05-27T14:33:26+00:00\",\"dateModified\":\"2021-05-27T14:48:24+00:00\",\"breadcrumb\":{\"@id\":\"https:\/\/www.gimnasiosantorey.edu.co\/gsr\/autoevaluacion-institucional\/#breadcrumb\"},\"inLanguage\":\"es\",\"potentialAction\":[{\"@type\":\"ReadAction\",\"target\":[\"https:\/\/www.gimnasiosantorey.edu.co\/gsr\/autoevaluacion-institucional\/\"]}]},{\"@type\":\"BreadcrumbList\",\"@id\":\"https:\/\/www.gimnasiosantorey.edu.co\/gsr\/autoevaluacion-institucional\/#breadcrumb\",\"itemListElement\":[{\"@type\":\"ListItem\",\"position\":1,\"name\":\"Portada\",\"item\":\"https:\/\/www.gimnasiosantorey.edu.co\/gsr\/\"},{\"@type\":\"ListItem\",\"position\":2,\"name\":\"AUTOEVALUACI\u00d3N INSTITUCIONAL\"}]},{\"@type\":\"WebSite\",\"@id\":\"https:\/\/www.gimnasiosantorey.edu.co\/gsr\/#website\",\"url\":\"https:\/\/www.gimnasiosantorey.edu.co\/gsr\/\",\"name\":\"Colegio Gimnasio Santo Rey\",\"description\":\"Colegio Gimnasio Santo Rey\",\"publisher\":{\"@id\":\"https:\/\/www.gimnasiosantorey.edu.co\/gsr\/#organization\"},\"potentialAction\":[{\"@type\":\"SearchAction\",\"target\":{\"@type\":\"EntryPoint\",\"urlTemplate\":\"https:\/\/www.gimnasiosantorey.edu.co\/gsr\/?s={search_term_string}\"},\"query-input\":{\"@type\":\"PropertyValueSpecification\",\"valueRequired\":true,\"valueName\":\"search_term_string\"}}],\"inLanguage\":\"es\"},{\"@type\":\"Organization\",\"@id\":\"https:\/\/www.gimnasiosantorey.edu.co\/gsr\/#organization\",\"name\":\"Colegio Gimnasio Santo Rey\",\"url\":\"https:\/\/www.gimnasiosantorey.edu.co\/gsr\/\",\"logo\":{\"@type\":\"ImageObject\",\"inLanguage\":\"es\",\"@id\":\"https:\/\/www.gimnasiosantorey.edu.co\/gsr\/#\/schema\/logo\/image\/\",\"url\":\"https:\/\/www.gimnasiosantorey.edu.co\/gsr\/wp-content\/uploads\/2022\/02\/SAnto-Rey.jpg\",\"contentUrl\":\"https:\/\/www.gimnasiosantorey.edu.co\/gsr\/wp-content\/uploads\/2022\/02\/SAnto-Rey.jpg\",\"width\":225,\"height\":225,\"caption\":\"Colegio Gimnasio Santo Rey\"},\"image\":{\"@id\":\"https:\/\/www.gimnasiosantorey.edu.co\/gsr\/#\/schema\/logo\/image\/\"},\"sameAs\":[\"https:\/\/www.facebook.com\/colegiosantoreyarmenia\/?notif_id=1728497573741947&notif_t=page_user_activity&ref=notif\"]}]}<\/script>\n<!-- \/ Yoast SEO plugin. -->","yoast_head_json":{"title":"AUTOEVALUACI\u00d3N INSTITUCIONAL - Colegio Gimnasio Santo Rey","robots":{"index":"index","follow":"follow","max-snippet":"max-snippet:-1","max-image-preview":"max-image-preview:large","max-video-preview":"max-video-preview:-1"},"canonical":"https:\/\/www.gimnasiosantorey.edu.co\/gsr\/autoevaluacion-institucional\/","og_locale":"es_ES","og_type":"article","og_title":"AUTOEVALUACI\u00d3N INSTITUCIONAL - Colegio Gimnasio Santo Rey","og_description":"[vc_row][vc_column][gt3_custom_text text_color=&#8221;#3c434b&#8221; font_size=&#8221;24&#8243; line_height=&#8221;111&#8243; use_theme_fonts=&#8221;&#8221; google_fonts_text=&#8221;font_family:Advent%20Pro%3A100%2C200%2C300%2Cregular%2C500%2C600%2C700|font_style:700%20bold%20regular%3A700%3Anormal&#8221;] INSTRUMENTOS DE AUTOEVALUACI\u00d3N INSTITUCIONAL [\/gt3_custom_text][gt3_spacing height=&#8221;32px&#8221;][gt3_custom_text text_color=&#8221;#3c434b&#8221; font_size=&#8221;16&#8243;] Instrumento 1: Encuesta a padres de familia o Acudientes de los estudiantes de la instituci\u00f3n educativa [&hellip;]","og_url":"https:\/\/www.gimnasiosantorey.edu.co\/gsr\/autoevaluacion-institucional\/","og_site_name":"Colegio Gimnasio Santo Rey","article_publisher":"https:\/\/www.facebook.com\/colegiosantoreyarmenia\/?notif_id=1728497573741947&notif_t=page_user_activity&ref=notif","article_modified_time":"2021-05-27T14:48:24+00:00","twitter_card":"summary_large_image","twitter_misc":{"Tiempo de lectura":"1 minuto"},"schema":{"@context":"https:\/\/schema.org","@graph":[{"@type":"WebPage","@id":"https:\/\/www.gimnasiosantorey.edu.co\/gsr\/autoevaluacion-institucional\/","url":"https:\/\/www.gimnasiosantorey.edu.co\/gsr\/autoevaluacion-institucional\/","name":"AUTOEVALUACI\u00d3N INSTITUCIONAL - Colegio Gimnasio Santo Rey","isPartOf":{"@id":"https:\/\/www.gimnasiosantorey.edu.co\/gsr\/#website"},"datePublished":"2021-05-27T14:33:26+00:00","dateModified":"2021-05-27T14:48:24+00:00","breadcrumb":{"@id":"https:\/\/www.gimnasiosantorey.edu.co\/gsr\/autoevaluacion-institucional\/#breadcrumb"},"inLanguage":"es","potentialAction":[{"@type":"ReadAction","target":["https:\/\/www.gimnasiosantorey.edu.co\/gsr\/autoevaluacion-institucional\/"]}]},{"@type":"BreadcrumbList","@id":"https:\/\/www.gimnasiosantorey.edu.co\/gsr\/autoevaluacion-institucional\/#breadcrumb","itemListElement":[{"@type":"ListItem","position":1,"name":"Portada","item":"https:\/\/www.gimnasiosantorey.edu.co\/gsr\/"},{"@type":"ListItem","position":2,"name":"AUTOEVALUACI\u00d3N INSTITUCIONAL"}]},{"@type":"WebSite","@id":"https:\/\/www.gimnasiosantorey.edu.co\/gsr\/#website","url":"https:\/\/www.gimnasiosantorey.edu.co\/gsr\/","name":"Colegio Gimnasio Santo Rey","description":"Colegio Gimnasio Santo Rey","publisher":{"@id":"https:\/\/www.gimnasiosantorey.edu.co\/gsr\/#organization"},"potentialAction":[{"@type":"SearchAction","target":{"@type":"EntryPoint","urlTemplate":"https:\/\/www.gimnasiosantorey.edu.co\/gsr\/?s={search_term_string}"},"query-input":{"@type":"PropertyValueSpecification","valueRequired":true,"valueName":"search_term_string"}}],"inLanguage":"es"},{"@type":"Organization","@id":"https:\/\/www.gimnasiosantorey.edu.co\/gsr\/#organization","name":"Colegio Gimnasio Santo Rey","url":"https:\/\/www.gimnasiosantorey.edu.co\/gsr\/","logo":{"@type":"ImageObject","inLanguage":"es","@id":"https:\/\/www.gimnasiosantorey.edu.co\/gsr\/#\/schema\/logo\/image\/","url":"https:\/\/www.gimnasiosantorey.edu.co\/gsr\/wp-content\/uploads\/2022\/02\/SAnto-Rey.jpg","contentUrl":"https:\/\/www.gimnasiosantorey.edu.co\/gsr\/wp-content\/uploads\/2022\/02\/SAnto-Rey.jpg","width":225,"height":225,"caption":"Colegio Gimnasio Santo Rey"},"image":{"@id":"https:\/\/www.gimnasiosantorey.edu.co\/gsr\/#\/schema\/logo\/image\/"},"sameAs":["https:\/\/www.facebook.com\/colegiosantoreyarmenia\/?notif_id=1728497573741947&notif_t=page_user_activity&ref=notif"]}]}},"_links":{"self":[{"href":"https:\/\/www.gimnasiosantorey.edu.co\/gsr\/wp-json\/wp\/v2\/pages\/4768","targetHints":{"allow":["GET"]}}],"collection":[{"href":"https:\/\/www.gimnasiosantorey.edu.co\/gsr\/wp-json\/wp\/v2\/pages"}],"about":[{"href":"https:\/\/www.gimnasiosantorey.edu.co\/gsr\/wp-json\/wp\/v2\/types\/page"}],"author":[{"embeddable":true,"href":"https:\/\/www.gimnasiosantorey.edu.co\/gsr\/wp-json\/wp\/v2\/users\/1"}],"replies":[{"embeddable":true,"href":"https:\/\/www.gimnasiosantorey.edu.co\/gsr\/wp-json\/wp\/v2\/comments?post=4768"}],"version-history":[{"count":9,"href":"https:\/\/www.gimnasiosantorey.edu.co\/gsr\/wp-json\/wp\/v2\/pages\/4768\/revisions"}],"predecessor-version":[{"id":4777,"href":"https:\/\/www.gimnasiosantorey.edu.co\/gsr\/wp-json\/wp\/v2\/pages\/4768\/revisions\/4777"}],"wp:attachment":[{"href":"https:\/\/www.gimnasiosantorey.edu.co\/gsr\/wp-json\/wp\/v2\/media?parent=4768"}],"curies":[{"name":"wp","href":"https:\/\/api.w.org\/{rel}","templated":true}]}}